{"id":321,"date":"2020-01-01T00:04:00","date_gmt":"2019-12-31T23:04:00","guid":{"rendered":"http:\/\/www.feuerwehr-elsfleth.de\/?post_type=einsatz&#038;p=321"},"modified":"2020-01-02T23:23:13","modified_gmt":"2020-01-02T22:23:13","slug":"01-01-2020-vollalarm-um-0004-uhr","status":"publish","type":"einsatz","link":"http:\/\/www.feuerwehr-elsfleth.de\/?einsatz=01-01-2020-vollalarm-um-0004-uhr","title":{"rendered":"01.01.2020 \u2013 Vollalarm um 00:04 Uhr"},"content":{"rendered":"\n<p class=\"wp-block-paragraph\">F\u00fcr die Feuerwehr Elsfleth begann das neue Jahr gleich mit zwei Eins\u00e4tzen. Die erste Alarmierung erfolgte bereits vier Minuten nach Mitternacht. In der Fliederstra\u00dfe in Elsfleth war durch Feuerwerksk\u00f6rper eine Thuja-Hecke auf rund vier Metern L\u00e4nge in Brand geraten. Anwohnern gelang es, das Feuer weitgehend einzud\u00e4mmen, so dass die Feuerwehr Elsfleth nur noch Nachl\u00f6scharbeiten  vornehmen musste.<\/p>\n\n\n\n<p class=\"wp-block-paragraph\">Quelle: <a href=\"https:\/\/www.nwzonline.de\/wesermarsch\/blaulicht\/elsfleth-hecke-und_a_50,6,3441649510.html\">NWZ<\/a><\/p>\n\n\n\n<p class=\"wp-block-paragraph\"> <\/p>\n\n\n\n<figure class=\"wp-block-image size-large\"><img loading=\"lazy\" decoding=\"async\" width=\"480\" height=\"640\" src=\"http:\/\/www.feuerwehr-elsfleth.de\/wp-content\/uploads\/2020\/01\/01-e1578003492968.jpg\" alt=\"\" class=\"wp-image-322\" srcset=\"http:\/\/www.feuerwehr-elsfleth.de\/wp-content\/uploads\/2020\/01\/01-e1578003492968.jpg 480w, http:\/\/www.feuerwehr-elsfleth.de\/wp-content\/uploads\/2020\/01\/01-e1578003492968-225x300.jpg 225w, http:\/\/www.feuerwehr-elsfleth.de\/wp-content\/uploads\/2020\/01\/01-e1578003492968-400x533.jpg 400w, http:\/\/www.feuerwehr-elsfleth.de\/wp-content\/uploads\/2020\/01\/01-e1578003492968-430x573.jpg 430w, http:\/\/www.feuerwehr-elsfleth.de\/wp-content\/uploads\/2020\/01\/01-e1578003492968-150x200.jpg 150w, http:\/\/www.feuerwehr-elsfleth.de\/wp-content\/uploads\/2020\/01\/01-e1578003492968-100x133.jpg 100w\" sizes=\"auto, (max-width: 480px) 100vw, 480px\" \/><figcaption><br><br><\/figcaption><\/figure>\n\n\n\n<figure class=\"wp-block-image size-large\"><img loading=\"lazy\" decoding=\"async\" width=\"640\" height=\"480\" src=\"http:\/\/www.feuerwehr-elsfleth.de\/wp-content\/uploads\/2020\/01\/02.jpg\" alt=\"\" class=\"wp-image-323\" srcset=\"http:\/\/www.feuerwehr-elsfleth.de\/wp-content\/uploads\/2020\/01\/02.jpg 640w, http:\/\/www.feuerwehr-elsfleth.de\/wp-content\/uploads\/2020\/01\/02-300x225.jpg 300w, http:\/\/www.feuerwehr-elsfleth.de\/wp-content\/uploads\/2020\/01\/02-400x300.jpg 400w, http:\/\/www.feuerwehr-elsfleth.de\/wp-content\/uploads\/2020\/01\/02-430x323.jpg 430w, http:\/\/www.feuerwehr-elsfleth.de\/wp-content\/uploads\/2020\/01\/02-150x113.jpg 150w, http:\/\/www.feuerwehr-elsfleth.de\/wp-content\/uploads\/2020\/01\/02-100x75.jpg 100w\" sizes=\"auto, (max-width: 640px) 100vw, 640px\" \/><\/figure>\n","protected":false},"author":1,"featured_media":323,"template":"","meta":{"_crdt_document":"","einsatz_weight":1,"footnotes":""},"categories":[3],"tags":[],"einsatzart":[50],"fahrzeug":[6,7,10],"exteinsatzmittel":[11],"alarmierungsart":[19],"evw_unit":[],"class_list":["post-321","einsatz","type-einsatz","status-publish","has-post-thumbnail","hentry","category-einsaetze","einsatzart-flaechenbrand","fahrzeug-elw-1","fahrzeug-lf-20","fahrzeug-tlf-3000-th","exteinsatzmittel-polizei","alarmierungsart-funkmeldeempfaenger"],"_links":{"self":[{"href":"http:\/\/www.feuerwehr-elsfleth.de\/index.php?rest_route=\/wp\/v2\/einsatz\/321","targetHints":{"allow":["GET"]}}],"collection":[{"href":"http:\/\/www.feuerwehr-elsfleth.de\/index.php?rest_route=\/wp\/v2\/einsatz"}],"about":[{"href":"http:\/\/www.feuerwehr-elsfleth.de\/index.php?rest_route=\/wp\/v2\/types\/einsatz"}],"author":[{"embeddable":true,"href":"http:\/\/www.feuerwehr-elsfleth.de\/index.php?rest_route=\/wp\/v2\/users\/1"}],"version-history":[{"count":1,"href":"http:\/\/www.feuerwehr-elsfleth.de\/index.php?rest_route=\/wp\/v2\/einsatz\/321\/revisions"}],"predecessor-version":[{"id":326,"href":"http:\/\/www.feuerwehr-elsfleth.de\/index.php?rest_route=\/wp\/v2\/einsatz\/321\/revisions\/326"}],"wp:featuredmedia":[{"embeddable":true,"href":"http:\/\/www.feuerwehr-elsfleth.de\/index.php?rest_route=\/wp\/v2\/media\/323"}],"wp:attachment":[{"href":"http:\/\/www.feuerwehr-elsfleth.de\/index.php?rest_route=%2Fwp%2Fv2%2Fmedia&parent=321"}],"wp:term":[{"taxonomy":"category","embeddable":true,"href":"http:\/\/www.feuerwehr-elsfleth.de\/index.php?rest_route=%2Fwp%2Fv2%2Fcategories&post=321"},{"taxonomy":"post_tag","embeddable":true,"href":"http:\/\/www.feuerwehr-elsfleth.de\/index.php?rest_route=%2Fwp%2Fv2%2Ftags&post=321"},{"taxonomy":"einsatzart","embeddable":true,"href":"http:\/\/www.feuerwehr-elsfleth.de\/index.php?rest_route=%2Fwp%2Fv2%2Feinsatzart&post=321"},{"taxonomy":"fahrzeug","embeddable":true,"href":"http:\/\/www.feuerwehr-elsfleth.de\/index.php?rest_route=%2Fwp%2Fv2%2Ffahrzeug&post=321"},{"taxonomy":"exteinsatzmittel","embeddable":true,"href":"http:\/\/www.feuerwehr-elsfleth.de\/index.php?rest_route=%2Fwp%2Fv2%2Fexteinsatzmittel&post=321"},{"taxonomy":"alarmierungsart","embeddable":true,"href":"http:\/\/www.feuerwehr-elsfleth.de\/index.php?rest_route=%2Fwp%2Fv2%2Falarmierungsart&post=321"},{"taxonomy":"evw_unit","embeddable":true,"href":"http:\/\/www.feuerwehr-elsfleth.de\/index.php?rest_route=%2Fwp%2Fv2%2Fevw_unit&post=321"}],"curies":[{"name":"wp","href":"https:\/\/api.w.org\/{rel}","templated":true}]}}

<p class="wp-block-paragraph">Für die Feuerwehr Elsfleth begann das neue Jahr gleich mit zwei Einsätzen. Die erste Alarmierung erfolgte bereits vier Minuten nach Mitternacht. In der Fliederstraße in Elsfleth war durch Feuerwerkskörper eine Thuja-Hecke auf rund vier Metern Länge in Brand geraten. Anwohnern gelang es, das Feuer weitgehend einzudämmen, so dass die Feuerwehr Elsfleth nur noch Nachlöscharbeiten  vornehmen musste.</p>



<p class="wp-block-paragraph">Quelle: <a href="https://www.nwzonline.de/wesermarsch/blaulicht/elsfleth-hecke-und_a_50,6,3441649510.html">NWZ</a></p>



<p class="wp-block-paragraph"> </p>



<figure class="wp-block-image size-large"><img loading="lazy" decoding="async" width="480" height="640" src="http://www.feuerwehr-elsfleth.de/wp-content/uploads/2020/01/01-e1578003492968.jpg" alt="" class="wp-image-322" srcset="http://www.feuerwehr-elsfleth.de/wp-content/uploads/2020/01/01-e1578003492968.jpg 480w, http://www.feuerwehr-elsfleth.de/wp-content/uploads/2020/01/01-e1578003492968-225x300.jpg 225w, http://www.feuerwehr-elsfleth.de/wp-content/uploads/2020/01/01-e1578003492968-400x533.jpg 400w, http://www.feuerwehr-elsfleth.de/wp-content/uploads/2020/01/01-e1578003492968-430x573.jpg 430w, http://www.feuerwehr-elsfleth.de/wp-content/uploads/2020/01/01-e1578003492968-150x200.jpg 150w, http://www.feuerwehr-elsfleth.de/wp-content/uploads/2020/01/01-e1578003492968-100x133.jpg 100w" sizes="auto, (max-width: 480px) 100vw, 480px" /><figcaption><br><br></figcaption></figure>



<figure class="wp-block-image size-large"><img loading="lazy" decoding="async" width="640" height="480" src="http://www.feuerwehr-elsfleth.de/wp-content/uploads/2020/01/02.jpg" alt="" class="wp-image-323" srcset="http://www.feuerwehr-elsfleth.de/wp-content/uploads/2020/01/02.jpg 640w, http://www.feuerwehr-elsfleth.de/wp-content/uploads/2020/01/02-300x225.jpg 300w, http://www.feuerwehr-elsfleth.de/wp-content/uploads/2020/01/02-400x300.jpg 400w, http://www.feuerwehr-elsfleth.de/wp-content/uploads/2020/01/02-430x323.jpg 430w, http://www.feuerwehr-elsfleth.de/wp-content/uploads/2020/01/02-150x113.jpg 150w, http://www.feuerwehr-elsfleth.de/wp-content/uploads/2020/01/02-100x75.jpg 100w" sizes="auto, (max-width: 640px) 100vw, 640px" /></figure>
